85. Calculate h(67).
-54
Let c(q) = 2*q**2 - 67*q - 69. Determine c(35).
36
Let a(t) = -5*t**2 - t - 14. Calculate a(3).
-62
Let x(n) = 2*n**2 - 50*n - 25. Calculate x(24).
-73
Let w(a) = 6*a**2 - 156*a + 711. Give w(6).
-9
Let j(l) = 86*l + 1026. What is j(-12)?
-6
Let b(i) = 50*i - 47. Give b(1).
3
Let f(c) = -5*c**3 + 223*c**2 + 89*c - 87. Calculate f(45).
-132
Let x(m) = -m**3 + 65*m**2 - 599*m + 252. Determine x(54).
-18
Let g(r) = 116*r - 3351. What is g(27)?
-219
Let t(c) = -4*c**3 - 9*c**2 - c - 21. Determine t(-4).
95
Let a(f) = -2*f**2 + 91*f - 75. Give a(45).
-30
Let t(m) = -192*m - 1919. Calculate t(-10).
1
Let b(h) = 251*h + 5585. What is b(-22)?
63
Let g(q) = -5*q - 299. Determine g(-55).
-24
Let n(y) = -1691*y + 74405. What is n(44)?
1
Let j(d) = d**3 + 10*d**2 - 23*d - 81. What is j(-9)?
207
Let s(u) = u**3 + 32*u**2 + 166*u + 58. What is s(-6)?
-2
Let y(s) = -9*s - 338. Determine y(-42).
40
Let r(t) = 54*t**2 - 104*t + 10. What is r(2)?
18
Let r(g) = -115*g + 21669. What is r(189)?
-66
Let g(u) = -808*u - 9709. Calculate g(-12).
-13
Let r(i) = -304*i**2 - 14*i + 12. Calculate r(1).
-306
Let r(z) = z**3 - 9*z**2 + 4*z + 13. Calculate r(9).
49
Let b(i) = 7*i**3 + 27*i**2 + 18*i + 6. Give b(-3).
6
Let s(t) = t**3 + 6*t**2 + 3*t + 68. Give s(-7).
-2
Let v(k) = 22*k - 4. Calculate v(1).
18
Let l(s) = 360*s + 31323. What is l(-87)?
3
Let f(c) = -71*c + 12491. What is f(176)?
-5
Let t(u) = u**3 - 12*u**2 - 20*u - 7. Determine t(13).
-98
Let a(c) = 3*c**3 - 27*c**2 + 2*c - 21. Determine a(7).
-301
Let j(v) = -21*v - 232. Determine j(-15).
83
Let k(f) = -f**3 + 12*f**2 + 149*f + 322. Calculate k(-5).
2
Let x(n) = -n**2 + 33*n - 135. What is x(28)?
5
Let x(m) = 38*m**2 + 14*m - 34. What is x(3)?
350
Let g(f) = -5*f**3 + 268*f**2 - 162*f + 159. Calculate g(53).
0
Let y(b) = -5*b**2 + 29*b + 156. Give y(9).
12
Let j(t) = -t**2 - 238*t - 9404. Give j(-50).
-4
Let m(d) = 180*d**3 - 1. Calculate m(-1).
-181
Let q(o) = -42*o + 1189. Determine q(30).
-71
Let k(a) = -228*a + 16624. Give k(73).
-20
Let c(d) = 2*d**2 - 112*d + 817. Calculate c(47).
-29
Let b(g) = g**2 + 5*g - 44. Calculate b(7).
40
Let h(t) = 3036*t - 6097. Calculate h(2).
-25
Let f(x) = x**3 - 9*x**2 + 4150*x - 37342. What is f(9)?
8
Let r(n) = -n**3 + 4*n**2 - n + 2. Give r(2).
8
Let t(u) = 3*u**2 + 32*u + 18. Determine t(-10).
-2
Let b(p) = -1273*p + 10175. Calculate b(8).
-9
Let p(u) = 1353*u + 12172. What is p(-9)?
-5
Let z(i) = i**3 - 40*i**2 + 112*i - 37. What is z(37)?
0
Let x(m) = m**2 + 36*m - 28. Give x(-9).
-271
Let k(u) = -7*u**2 + 43*u - 9. What is k(4)?
51
Let x(g) = g**2 + 23*g - 39. Give x(-16).
-151
Let k(p) = -420*p - 1708. Determine k(-4).
-28
Let k(u) = u**3 + 22*u**2 - 80*u - 94. Determine k(-25).
31
Let u(j) = -j**3 + 11*j**2 + 27*j - 311. Determine u(11).
-14
Let h(b) = -b**3 + 13*b**2 + 13*b - 339. Give h(12).
-39
Let b(a) = -2937*a - 26445. What is b(-9)?
-12
Let l(o) = -1698*o + 11883. Calculate l(7).
-3
Let x(q) = -2*q**2 - 5*q + 23. Calculate x(3).
-10
Let t(p) = p**3 - 35*p**2 - 668*p + 4886. Calculate t(47).
-2
Let z(v) = v**3 - 50*v**2 - 48*v - 246. What is z(51)?
-93
Let k(x) = x**3 - 11*x**2 + 15*x + 32. Determine k(9).
5
Let x(w) = 4*w**3 - 10*w**2 - 125*w + 261. Calculate x(2).
3
Let f(t) = -291*t + 40. Give f(0).
40
Let a(c) = -3*c**3 + 81*c**2 + 271*c - 47. Calculate a(30).
-17
Let x(a) = 8*a**2 + 177*a - 2557. What is x(10)?
13
Let a(k) = -2*k**3 - 31*k**2 + 12*k - 57. Determine a(-16).
7
Let y(k) = -k**2 - 12*k + 51. Calculate y(7).
-82
Let m(q) = 4721*q - 51947. Give m(11).
-16
Let t(z) = -33*z + 178. What is t(7)?
-53
Let v(f) = -f**3 - 54*f**2 - 65*f - 126. Calculate v(-53).
510
Let t(r) = -2620*r + 13105. Calculate t(5).
5
Let o(q) = 4*q**2 + 59*q + 17. What is o(-12)?
-115
Let m(k) = -110*k - 1221. Give m(-11).
-11
Let f(b) = 1074*b - 7469. Give f(7).
49
Let d(y) = 37*y**2 - 550*y - 75. What is d(15)?
0
Let k(u) = -u**3 - 58*u**2 - 308*u + 274. Calculate k(-52).
66
Let b(p) = -p**2 + 33*p + 1951. Give b(64).
-33
Let z(k) = 45*k**2 - 943*k + 19. Give z(21).
61
Let c(w) = -17*w - 367. What is c(-30)?
143
Let a(s) = -812*s + 822. Determine a(1).
10
Let x(g) = 25*g**2 + 14*g + 9. Calculate x(5).
704
Let i(h) = 7*h**2 - 336*h + 4032. What is i(23)?
7
Let s(p) = 29*p - 165. Determine s(6).
9
Let x(s) = s**3 - 21*s**2 - 71*s - 12. Calculate x(24).
12
Let n(a) = -466*a**3 - 931*a**2 - 3*a - 4. Calculate n(-2).
6
Let y(f) = f**2 - 34*f + 142. Determine y(27).
-47
Let s(n) = -2*n**2 - 71*n - 340. Determine s(-30).
-10
Let v(t) = 21*t**2 - 20*t. Determine v(1).
1
Let s(m) = 10*m**2 + 117*m - 119. Give s(1).
8
Let g(j) = 528*j - 10554. Determine g(20).
6
Let o(l) = -l**3 - 19*l**2 + 3*l + 47. What is o(-20)?
387
Let j(w) = -386*w - 2462. What is j(-7)?
240
Let j(p) = 4*p**3 - 110*p**2 + 54*p + 1. Calculate j(27).
1
Let o(m) = -3*m**2 + 64*m + 76. Calculate o(20).
156
Let i(o) = o**3 + 3*o**2 + 6*o - 104. Calculate i(0).
-104
Let r(c) = -c**3 + 9*c**2 - 7*c - 6. Give r(3).
27
Let j(p) = p**3 + 26*p**2 + 26*p - 28. What is j(-25)?
-53
Let t(h) = h**2 + 23*h + 84. Determine t(-13).
-46
Let x(r) = 5*r - 117. Calculate x(9).
-72
Let i(k) = -778*k + 7745. Determine i(10).
-35
Let l(z) = -z**3 + 5*z**2 + 20*z - 105. Calculate l(5).
-5
Let i(y) = y**2 - 11*y - 121. What is i(17)?
-19
Let n(h) = -10*h**2 - 129*h + 162. Give n(-14).
8
Let p(k) = -k**2 + 15*k - 21. What is p(4)?
23
Let n(l) = -76*l**3 - 2051*l**2 + 29*l + 50. Determine n(-27).
-4
Let h(d) = -214*d + 20337. Give h(95).
7
Let l(w) = 4*w**3 + 17*w**2 + 7*w + 22. Determine l(-4).
10
Let k(r) = 2*r**3 - 3*r**2 - 9*r + 5. Determine k(4).
49
Let g(s) = -639*s - 3849. Determine g(-6).
-15
Let q(v) = -57*v + 77. Determine q(6).
-265
Let q(j) = -j**3 + 6*j**2 + 89*j - 207. Calculate q(2).
-13
Let a(r) = r**3 - 29*r**2 + 31*r + 26. Give a(28).
110
Let t(g) = -3*g**2 + 18*g - 136. What is t(11)?
-301
Let y(i) = -i**3 + 138*i**2 - 3*i + 412. Give y(138).
-2
Let v(o) = o**3 - o**2 - 143*o - 290. Calculate v(-2).
-16
Let v(r) = -r**3 + 3*r**2 + 59*r + 6. Calculate v(9).
51
Let o(d) = -166*d + 32. Give o(-3).
530
Let c(m) = 2*m**3 + 241*m**2 + 1258*m - 807. Calculate c(-115).
-2
Let p(i) = i**2 - 54*i + 648. Calculate p(16).
40
Let j(v) = -338*v + 1985. Determine j(5).
295
Let l(f) = -f**2 - 230*f + 1418. Calculate l(6).
2
Let d(p) = -p**3 - 12*p**2 + 41*p - 26. Give d(-15).
34
Let f(v) = 2*v**3 - 105*v**2 + 251*v - 70. Give f(50).
-20
Let w(r) = -3550*r. What is w(0)?
0
Let x(o) = o**2 + 1579*o + 12635. Give x(-8).
67
Let g(p) = -24*p**3 - 13*p**2 + 6*p + 7. Calculate g(2).
-225
Let q(l) = 2*l**3 + 149*l**2 - 76*l - 96. What is q(-75)?
-21
Let h(t) = 10*t**3 - 181*t**2 + 18*t - 22. What is h(18)?
-22
Let j(q) = q**3 + 46*q**2 + 93*q + 200. Give j(-44).
-20
Let h(c) = 15*c**2 - 490*c + 308. Give h(32).
-12
Let k(x) = -24*x**2 + 290*x - 37. Give k(12).
-13
Let y(p) = -4*p**2 + 383*p - 1018. Calculate y(93).
5
Let l(i) = i**3 + 19*i**2 - 39*i - 1165. Calculate l(-9).
-4
Let t(n) = 2*n**3 + 9*n**2 + 52*n + 288. What is t(-5)?
3
Let x(n) = -n**2 - 129*n - 2364. What is x(-107)?
-10
Let n(p) = -2*p**3 + 34*p**2 - p - 155. Give n(16).
341
Let x(t) = -234*t - 1389. What is x(-6)?
15
Let w(u) = -45*u + 943. Give w(25).
-182
Let g(r) = 103*r - 31. What is g(-2)?
-237
Let d(y) = y**3 + 17*y**2 + 45*y + 728. Determine d(-17).
-37
Let a(o) = -37*o + 2983. Determine a(68).
467
Let g(a) = a**2 - 28*a - 24. Determine g(-1).
5
Let c(d) = 3*d**2 + 24*d - 77. Give c(7).
238
Let v(y) = -58*y - 7054. What is v(-122)?
22
Let x(z) = 5*z**2 + 9*z + 2. Determine x(-4).
46
Let j(v) = v**2 + 49*v - 2724. Give j(33).
-18
Let w(y) = -445*y + 15146. Calculate w(34).
16
Let t(y) = -2*y**3 - 11*y**2 - 10*y - 36. Determine t(-5).
-11
Let b(y) = -y**3 - 6*y**2 - 55*y - 195. Determine b(-4).
-7
Let k(h) = -h**3 + 16*h**2 - 44*h + 234. Give k(14).
10
Let r(v) = v**3 + 38*v**2 + 74*v - 8. Give r(-2).
-12
Let w(t) = 18*t**3 + 2*t**2 + 62*t + 231. Give w(-4).
-1137
Let j(m) = -m**2 + 109*m - 2872. Calculate j(45).
8
Let y(b) = b**3 + 53*b**2 - 289*b + 14. Determine y(5).
19
Let f(o) = -2*o**2 + 14*o - 15. Calculate f(3).
9
Let l(i) = 105*i + 8469. Calculate l(-80).
69
Let o(k) = 28*k + 411. Determine o(-13).
47
Let w(s) = -s**3 - 55*s**2 -